 - (880/(-4))/4?
53
Suppose 5*i - 105 - 255 = 0. What are the prime factors of i?
2, 3
Let k be (-10)/(-6)*1*-3. Let w(c) be the third derivative of c**6/120 + c**5/12 - c**4/24 + c**3/3 - 10*c**2. List the prime factors of w(k).
7
Suppose -114 = m + 2*s, 4*m + 5*s - 100 = 5*m. List the prime factors of m/(-8) - 4/(-16).
2, 7
Suppose 90*k = 86*k + 952. What are the prime factors of k?
2, 7, 17
Let x = -154 + 217. List the prime factors of x.
3, 7
Let d be 1 - (-1 + (1 - 2)). Suppose l + 32 = -3*l + 2*g, 4*g = d*l + 24. What are the prime factors of (2 + -5)/(4/l)?
2, 3
Suppose -3*b + 5*z = -b - 264, 0 = b + 2*z - 132. What are the prime factors of b?
2, 3, 11
Let x = -13 + 18. Suppose -3*t + 34 = -x*c, -t - 5*c + 38 = -0*c. Let l = t + -6. List the prime factors of l.
2, 3
Suppose -q + 18 = -2*n - 2*n, 150 = 5*q - 5*n. List the prime factors of q.
2, 17
Let b = 6 - 3. Suppose 5*k - 5*r = 30, 2*r = b*r - 2. List the prime factors of k.
2
Let g be (-73 + 5)/(1 - 0). Let m = g - -114. What are the prime factors of m?
2, 23
Let j(v) = -v**2 + 8*v + 5. Let p be j(7). List the prime factors of 3/(-9) - (-220)/p.
2, 3
Suppose -5 = -2*f - v, -v = -4*f + 2*v + 25. What are the prime factors of (f/6)/((-7)/(-126))?
2, 3
Suppose 2*q - 2*z = 16, z = -0*q - 4*q + 47. What are the prime factors of q?
11
Let i be 63/14*4/(-6). Suppose -2*z - z + 4*o = 12, -2*o - 46 = 5*z. What are the prime factors of i/2*z/3?
2
Let h = -23 - -38. Let r be 6/(-9)*h/(-2). Let q = -3 + r. List the prime factors of q.
2
Let q(o) = -7 + 1 - 2*o + o**3 - 1 + 5*o**2 + 1. Suppose 0 = 2*j + 4 + 6. List the prime factors of q(j).
2
Suppose 70 - 10 = -3*v. Let w = -11 - v. What are the prime factors of w?
3
Let f = 202 + -104. What are the prime factors of f?
2, 7
Let p be 10/(-15) - (-2)/3. Suppose p = 2*b + b. Suppose b = -2*u + 4. List the prime factors of u.
2
Suppose -3*y = -2*y + 5*d - 16, 5*d = 3*y - 88. List the prime factors of y.
2, 13
Let w be (4 + -1)/((-2)/(-70)). Suppose -3*a - 2*a = -w. List the prime factors of a.
3, 7
Let h(r) = 2*r**2 + 2*r. Let g = -10 + 8. What are the prime factors of h(g)?
2
List the prime factors of (-3 - -5)/(-2)*-193.
193
Let x(h) = h**2 + 10*h + 12. Let v = -29 - -19. Let j be x(v). Suppose 0 = 2*i - j - 0. What are the prime factors of i?
2, 3
Let b(p) = -p + 1. Let i be b(-3). Suppose 5 + 7 = i*j. List the prime factors of j.
3
Suppose 0 = 2*w + w. Suppose 3*f + 2*m = 2, 5*f + 5*m = -w*f + 5. Let d = f - -4. List the prime factors of d.
2
Let g(m) = m**3 + m + 7. Let y be g(0). Let i = 11 - y. What are the prime factors of i?
2
Let w be (-3)/(-3) - 3 - -16. Let m = 2 + w. List the prime factors of m.
2
Let w(y) = y**3 - 2*y**2 - 2*y - 1. Let g be w(3). Let r = g - 5. List the prime factors of -4*(-2)/((-6)/r).
2
Suppose -3*p + 61 = -2*i, -i - 3*i = 4*p - 88. Suppose -c - p = -4*c. List the prime factors of c.
7
Let v = 67 - 48. List the prime factors of v.
19
Let p = 185 + -129. List the prime factors of p.
2, 7
Let a = -50 + 67. Let t = -4 + 6. Suppose -a = -t*g + g. What are the prime factors of g?
17
Let j(o) = -o**3 + 3*o**2 + 5*o - 1. Let b be j(4). Let z be (1 - -9*1)*2. Suppose -b*n - n = -z. What are the prime factors of n?
5
Suppose -3*h - 2*c + 165 = 0, -4*h = -2*h + 3*c - 110. What are the prime factors of h?
5, 11
Let a = -25 + 30. Suppose 105 = 5*u - 2*u - 3*t, 0 = -a*t. What are the prime factors of u?
5, 7
Let m = -12 - -14. Suppose -3*i + 3*p = p - 70, -m*p + 62 = 3*i. What are the prime factors of i?
2, 11
List the prime factors of (0 - -1)/((-14)/(-364)).
2, 13
Let j be 2 - (-2 + 18/(-1)). Suppose t - 15 = j. List the prime factors of t.
37
Suppose -3*r - 5 = -2*r, 0 = -3*z + 4*r + 356. List the prime factors of z.
2, 7
Suppose -4*y = -0*y - 24. Let t = -8 - y. Let o = t - -26. What are the prime factors of o?
2, 3
Let i(q) = -q**2 + 2*q + 6. Let r be i(5). Let v(h) = h**3 - 11*h**2 + 4*h - 19. Let c be v(11). Let p = c + r. List the prime factors of p.
2
Suppose 3*o - 101 - 79 = 0. Suppose 5*q - o = 2*q. Let d = q - 8. List the prime factors of d.
2, 3
Let m = -5 - -7. Suppose -5*f = -3*r - 149, -m*f - 14 = r - 67. List the prime factors of f.
2, 7
Suppose -2*z = -0*f - 4*f, 4*z = f + 14. What are the prime factors of 66/(1*6/z)?
2, 11
Let j = 0 + 20. List the prime factors of j.
2, 5
Let i(o) = 15*o - 2. Let m(v) = -16*v + 2. Let p(a) = 6*i(a) + 5*m(a). Let x be p(3). Suppose u + k = 8, -3*k = -u - 0*k + x. What are the prime factors of u?
13
Suppose -4*w + 5*b = -0*w - 28, 20 = -5*b. Suppose k + 2*m - 38 = 0, -6*m - 31 = -w*k - m. What are the prime factors of k?
2, 7
Suppose 0 = -3*w - 2*v + 30, -3*w + 8*w - 4*v - 72 = 0. Suppose 45 - w = c. List the prime factors of c.
3, 11
What are the prime factors of 4/(-24)*-3*98?
7
Let b be (-21 - -9)/((-3)/(-8)). Let z = -11 - b. Suppose 3*i + 5*r - 8 = z, -3*i - 4*r + 28 = 0. List the prime factors of i.
2
Suppose -3*s = -447 - 114. List the prime factors of s.
11, 17
Let v = 4 - 1. Suppose -2*l - v*l + 10 = 0. Suppose -s - l*m = -5 - 0, 5*s - 25 = m. What are the prime factors of s?
5
Let s be 6/(-4)*(0 - 2). Suppose -s*i + 0*i = 0. Suppose -p + 5 = -i*p. List the prime factors of p.
5
Let s = 237 + -124. What are the prime factors of s?
113
Suppose -5*o + 38 = -3*a + 7*a, 0 = 5*a - 10. Let t(k) = -k**2 + 4*k + 2. Let r be t(o). Let i = 14 + r. What are the prime factors of i?
2
Suppose -3 = -3*b + 24. Let y = b + -7. What are the prime factors of y?
2
Let a be 3/(1 + -4) + 2. Let t be a/(-1*(-3)/15). Suppose t*m = -x + 93, 5*m + 5*x - 123 = -38. What are the prime factors of m?
19
Suppose -3*z + z = -p + 11, 5*z = -4*p + 5. Suppose 3*g + 9 = 2*x - 5*x, -33 = -4*g + p*x. List the prime factors of g.
2
Let l = 7 + -5. Suppose -5*h - 3*r + 63 = 0, -h = 2*h - l*r - 53. Suppose -h = -2*d + d. What are the prime factors of d?
3, 5
Let g(s) = s**2 + 5*s - 3. Let b be g(-5). Let c = b - -9. What are the prime factors of c?
2, 3
Suppose 0*o = 5*o. Suppose o = -5*f + 30. Let h = f - 4. What are the prime factors of h?
2
Suppose -2*l = 8 + 4. Let x = 4 - l. What are the prime factors of x?
2, 5
Suppose 0*y + 653 = 5*m + 2*y, 2*m + 4*y = 274. What are the prime factors of m?
3, 43
Suppose 20 = 5*f - f. Suppose -2*r - 14 = -a, f*a + 16 = 4*a - 4*r. Suppose -u + 40 = 4*t - a*u, -t + 2*u = -10. List the prime factors of t.
2, 5
Suppose -37*i + 42*i = 360. List the prime factors of i.
2, 3
Let w(y) = 83*y**2 - 3*y + 2. List the prime factors of w(1).
2, 41
Suppose -y + 5 = 0, 5*y + 15 = -5*g + y. Let b = 16 + g. List the prime factors of b.
3
Let n = -4 + 3. List the prime factors of 24/8 + (n - 0).
2
Suppose 5*q - 5*r - 4 = 11, 2*r = 0. Suppose -u = q*u - 48. What are the prime factors of u?
2, 3
Let l(q) = -2*q - 10. Let t = 11 - 18. What are the prime factors of l(t)?
2
Let m(b) = 4*b + 4. List the prime factors of m(5).
2, 3
Suppose 21 = 4*x - x. Suppose r = 2*n - x*n + 11, -60 = -4*r - 4*n. List the prime factors of r.
2
Suppose 0 = -0*n - 5*n - 35. Let i = 5 - n. List the prime factors of i.
2, 3
Let w be 4*(-1 + 9/6). Let l be ((-2)/w)/(2/(-4)). Suppose -b = -r - 3 - l, b + 10 = -4*r. What are the prime factors of b?
2
Let d(z) = z**3 + 5*z**2 + 3*z + 2. Let j be d(-5). Let n be (-132)/21 + 4/14. Let i = n - j. List the prime factors of i.
7
Suppose -2*i + 13 + 21 = 0. Suppose 0 = -x - x + f + 25, 0 = -f - 5. Let r = i - x. List the prime factors of r.
7
Suppose -7*f - 261 = -744. List the prime factors of f.
3, 23
Let c = -1 - -10. Let a = -15 + c. Let t = 8 + a. What are the prime factors of t?
2
What are the prime factors of ((-4)/(-12))/((-2)/(-60))?
2, 5
Suppose -6 - 12 = -2*g. Let r(m) = -2*m + 8. Let p(k) = -k + 4. Let a(h) = -9*p(h) + 4*r(h). What are the prime factors of a(g)?
5
Let h be (17 - 22)*(0 + 1). Let t(l) = -2*l**3 + l**3 + 0*l - 4*l**2 + 3*l. List the prime factors of t(h).
2, 5
Suppose 3*m = 4*k + k + 213, 0 = -2*k. List the prime factors of m.
71
Suppose -8*o + 3*o + 3*d = -441, 0 = -o + 2*d + 91. List the prime factors of o.
3, 29
Suppose -24 = -w - 4*j, -3*w + 4*j + 35 = 11. What are the prime factors of w?
2, 3
List the prime factors of (33/5)/(3/15).
3, 11
Let p(n) = -n**2 + 5*n + 8. Let a be p(6). Suppose -5*w + 254 = -4*t, t = -a*w - 0*t + 99. Suppose